?
2, 3, 587, 42169
What are the prime factors of 112151831?
11, 31, 328891
List the prime factors of 90318615.
3, 5, 29, 207629
List the prime factors of 613280610.
2, 3, 5, 17, 400837
List the prime factors of 74524650.
2, 3, 5, 19, 79, 331
List the prime factors of 67951992.
2, 3, 17, 97, 101
What are the prime factors of 200426310?
2, 3, 5, 7, 318137
List the prime factors of 651471998.
2, 569, 572471
List the prime factors of 10244465.
5, 7, 11, 41, 59
List the prime factors of 300309131.
17, 37, 477439
What are the prime factors of 190111173?
3, 7, 97, 93329
List the prime factors of 402339656.
2, 50292457
List the prime factors of 42884678.
2, 29, 739391
List the prime factors of 101002019.
101002019
What are the prime factors of 304894316?
2, 76223579
List the prime factors of 335543835.
3, 5, 11, 43, 47293
List the prime factors of 103516698.
2, 3, 23, 750121
List the prime factors of 3107567837.
11, 13127, 21521
List the prime factors of 396554463.
3, 47, 937481
List the prime factors of 187072409.
23, 311, 26153
What are the prime factors of 1508739360?
2, 3, 5, 139, 22613
What are the prime factors of 2887300107?
3, 106937041
What are the prime factors of 20967076?
2, 13, 23, 47, 373
List the prime factors of 849259965.
3, 5, 56617331
List the prime factors of 168863486.
2, 11, 37, 18859
What are the prime factors of 351368439?
3, 2897, 40429
What are the prime factors of 4589082145?
5, 181, 5070809
What are the prime factors of 763101545?
5, 211, 723319
List the prime factors of 2316954773.
7, 821, 403159
What are the prime factors of 337449111?
3, 112483037
List the prime factors of 68907580.
2, 5, 7, 331, 1487
List the prime factors of 324384791.
324384791
What are the prime factors of 268563751?
29, 397, 23327
What are the prime factors of 133048227?
3, 13, 3411493
What are the prime factors of 415772282?
2, 149, 1395209
List the prime factors of 2244374838.
2, 3, 41562497
List the prime factors of 5952294881.
13, 17, 26933461
List the prime factors of 99093930.
2, 3, 5, 13, 19, 43, 311
What are the prime factors of 208920596?
2, 52230149
What are the prime factors of 661307?
73, 9059
List the prime factors of 17018113.
7, 37, 65707
What are the prime factors of 521102789?
23, 227, 99809
What are the prime factors of 53910594?
2, 3, 29, 139, 743
What are the prime factors of 47482567?
11, 97, 44501
List the prime factors of 205953861.
3, 17, 4038311
What are the prime factors of 456536429?
456536429
List the prime factors of 141142933.
141142933
What are the prime factors of 110856516?
2, 3, 59, 156577
List the prime factors of 151712588.
2, 37928147
What are the prime factors of 26164930?
2, 5, 11, 31, 7673
What are the prime factors of 217611306?
2, 3, 11, 109, 3361
What are the prime factors of 485122048?
2, 59219
List the prime factors of 48431350.
2, 5, 11, 173, 509
List the prime factors of 564380036.
2, 11, 12826819
List the prime factors of 4598684430.
2, 3, 5, 467, 328243
List the prime factors of 1378429909.
1378429909
What are the prime factors of 2653599748?
2, 457, 1451641
List the prime factors of 41602790.
2, 5, 137, 30367
List the prime factors of 105470808.
2, 3, 4394617
List the prime factors of 189964799.
189964799
List the prime factors of 161225961.
3, 13, 139, 29741
What are the prime factors of 708393474?
2, 3, 79, 498167
List the prime factors of 143835667.
41, 67, 52361
List the prime factors of 69783164.
2, 11, 17, 29, 3217
What are the prime factors of 346732996?
2, 53, 191, 8563
List the prime factors of 654053706.
2, 3, 431, 84307
List the prime factors of 296693333.
17, 17452549
What are the prime factors of 208779768?
2, 3, 11933
What are the prime factors of 2119711653?
3, 461, 170299
List the prime factors of 374600193.
3, 11, 11351521
List the prime factors of 43054798.
2, 19, 859, 1319
What are the prime factors of 396649009?
4337, 91457
What are the prime factors of 82017998?
2, 1669, 24571
List the prime factors of 71008783.
71008783
List the prime factors of 3354614907.
3, 7, 61, 2618747
List the prime factors of 1463345.
5, 13, 47, 479
What are the prime factors of 195328387?
41, 1789, 2663
What are the prime factors of 90242230?
2, 5, 13, 41, 16931
List the prime factors of 1738499164.
2, 19, 22874989
What are the prime factors of 6644252732?
2, 13, 17, 2153, 3491
What are the prime factors of 187844438?
2, 31, 83, 173, 211
What are the prime factors of 199053489?
3, 66351163
What are the prime factors of 6091369?
131, 46499
What are the prime factors of 3051765205?
5, 610353041
What are the prime factors of 1223418467?
16649, 73483
What are the prime factors of 976795080?
2, 3, 5, 8139959
List the prime factors of 597514063.
59, 2017, 5021
List the prime factors of 97317528.
2, 3, 7, 11, 7523
What are the prime factors of 99364988?
2, 1063, 23369
List the prime factors of 17738964.
2, 3, 163, 3023
What are the prime factors of 120899936?
2, 71, 127, 419
List the prime factors of 1933507456.
2, 229, 65963
What are the prime factors of 166591304?
2, 11, 1893083
What are the prime factors of 2959126322?
2, 2857, 517873
List the prime factors of 2272293203.
2272293203
List the prime factors of 57509256.
2, 3, 7, 151, 2267
What are the prime factors of 28043136?
2, 3, 11, 2213
List the prime factors of 152287159.
31, 4912489
List the prime factors of 2424557135.
5, 7, 11, 13, 89, 5443
What are the prime factors of 583932622?
2, 7, 13, 3208421
What are the prime factors of 487873955?
5, 509, 191699
List the prime factors of 76810043.
76810043
List the prime factors of 47404954.
2, 167, 141931
List the prime factors of 926379057.
3, 43, 239, 30047
What are the prime factors of 5237927?
683, 7669
What are the prime factors of 70159423?
311, 433, 521
List the prime factors of 221424208.
2, 2713, 5101
List the prime factors of 1328892335.
5, 47, 5654861
List the prime factors of 191280697.
191280697
What are the prime factors of 820295313?
3, 199, 1374029
What are the prime factors of 49318600?
2, 5, 83, 2971
List the prime factors of 67270969.
197, 341477
List the prime factors of 476371815.
3, 5, 31758121
What are the prime factors of 7836363660?
2, 3, 5, 83, 1193, 1319
What are the prime factors of 28299871?
28299871
What are the prime factors of 43624407?
3, 281, 51749
List the prime factors of 916905852.
2, 3, 1201, 7069
List the prime factors of 54145094.
2, 27072547
List the prime factors of 477028226.
2, 103, 239, 9689
What are the prime factors of 611029631?
251, 2434381
List the prime factors of 197909100.
2, 3, 5, 97, 2267
List the prime factors of 652597821.
3, 3637, 19937
List the prime factors of 149619213.
3, 307, 54151
List the prime factors of 408187995.
3, 5, 227, 313, 383
List the prime factors of 471143187.
3, 163, 337, 953
List the prime factors of 2416582134.
2, 3, 3253, 13757
List the prime factors of 2362305948.
2, 3, 19, 10360991
List the prime factors of 258254138.
2, 129127069
List the prime factors of 49531225.
5, 557, 3557
List the prime factors of 1190655060.
2, 3, 5, 7, 2834893
List the prime factors of 17449133.
13, 1342241
List the prime factors of 91261871.
6997, 13043
List the prime factors of 908072324.
2, 151, 1503431
What are the prime factors of 212602817?
7, 193, 22481
What are the prime factors of 96906542?
2, 5483, 8837
What are the prime factors of 95541929?
7, 47, 149, 1949
List the prime factors of 14033008.
2, 11, 71, 1123
List the prime factors of 9210887.
7, 311, 4231
List the prime factors of 63038051.
5483, 11497
What are the prime factors of 46417373?
46417373
What are the prime factors of 125058391?
125058391
What are the prime factors of 2927363473?
2927363473
What are the prime factors of 1569964278?
2, 3, 109, 2400557
List the prime factors of 8392300407.
3, 613, 169019
What are the prime factors of 86101312?
2, 11, 19, 41, 157
List the prime factors of 16021750.
2, 5, 19, 3373
List the prime factors of 59965939.
11, 29, 317, 593
What are the prime factors of 141773257?
29, 5813
What are the prime factors of 685257314?
2, 7, 48946951
What are the prime factors of 692858075?
5, 7, 13, 304553
What are the prime factors of 1757871202?
2, 227, 509, 7607
What are the prime factors of 466840721?
83, 5624587
What are the prime factors of 41350623